Let s(b) = 5 + 0*b + 1 - b. Give s(-5).
11
Let a(u) be the first derivative of -u**4/24 + u**3/6 + u**2 + 2. Let s(w) be the second derivative of a(w). Give s(4).
-3
Let l(u) be the first derivative of -u**2/2 - 2*u - 5. What is l(6)?
-8
Let x(q) = q**2 + q - 4. Let m(i) = i - 1. Let g(h) = -h**2 + 4*h - 4. Let a be g(3). Let z(n) = a*x(n) + 3*m(n). Give z(2).
1
Let b be ((-2)/(-4))/((-1)/(-2)). Let g = 5 - 3. Suppose m = -b - g. Let a(p) = p**2 + p - 3. Give a(m).
3
Let w be -1 - 1*-3 - -18. Let j be ((-9)/(-6))/(3/6). Suppose u - w = -j*u. Let g(x) = -x**2 + 5*x + 1. Give g(u).
1
Let w(x) = -27*x**2 + 7*x + 5. Let n(q) = 41*q**2 - 10*q - 7. Let u(z) = -5*n(z) - 7*w(z). Give u(1).
-15
Suppose 0 = -2*r - 2 + 6. Let m(y) be the third derivative of 1/6*y**3 - r*y**2 + 1/24*y**4 + 0*y + 0. Give m(5).
6
Let g(z) = 4*z - 1. Let j(w) = -3*w + 0*w + 0*w. Suppose -3*x + 10 = -5. Let p(f) = x*j(f) + 4*g(f). Calculate p(4).
0
Let w(q) = -q**2 - 6*q - 2. Let c = -55 - -50. Calculate w(c).
3
Let x(h) = -h - 9. Let n be 1 + 2 + (-15 + 1 - -2). Calculate x(n).
0
Let q(j) = -j**3 - j + 5. Let i(b) = b**3 - 2*b**2. Let h be 4/6 + (-7)/(-3). Let f = h - 1. Let c be i(f). Determine q(c).
5
Let s(p) = 4*p**2 - 10*p - 3. Let j(v) = 3*v**2 - 9*v - 3. Let t(i) = -5*j(i) + 4*s(i). Calculate t(-3).
-3
Let c(x) = 3 + 6*x**3 + x**3 - 7*x**3 + 4*x**3 - 4*x. Give c(2).
27
Let u(c) = -c**2 - 4*c + 0*c + 5 + 2*c - c. Give u(-4).
1
Let q be (-1)/(-4) + (-54)/(-8). Let w(z) = -q - 4*z - z + 3*z. Give w(-5).
3
Let v = 6 - 2. Let j(a) = 5*a + 2 - 5*a**2 - a + a**3 + 0*a**2 + 1. Determine j(v).
3
Let k(d) be the third derivative of -d**5/60 - d**4/12 - d**3/2 + d**2. Let y = 8 - 1. Let o = -10 + y. Give k(o).
-6
Let a(y) be the third derivative of -y**4/24 + 6*y**2. Determine a(0).
0
Let h(o) = 5 + 0*o - 3 - 2*o. Let z be h(2). Let t(x) = 3*x + 0*x - 7 + 8. Calculate t(z).
-5
Let z(c) = -7*c**2 - 5*c - 3. Let p(o) = 3*o**2 + 2*o + 1. Let t(d) = -5*p(d) - 2*z(d). What is t(-4)?
-15
Let s(i) = i**3 - 3*i**2 - 1. Let g be (-14)/49 + 51/7. Let z(h) = 3*h - 2. Let q be z(g). Suppose 4*v + x = 16, -4*x = -v + 2*v - q. What is s(v)?
-1
Let q(s) = s**3 + 5*s**2 + 5*s + 3. Let k(u) = u**2 - 11*u - 3. Let b be k(11). Calculate q(b).
6
Let v(q) = q - 1. Let x(d) = d - 13. Let h(m) = -2*v(m) + x(m). Determine h(-6).
-5
Let i(h) = h**2 + h. Let o(k) = -2*k**2 - 2*k + 1. Let x(q) = -4*i(q) - o(q). Calculate x(-1).
-1
Let z(w) = -w**2 - 6*w + 40. Let g be z(-10). Let p(c) be the third derivative of 5/24*c**4 + 1/60*c**5 + 0*c + 1/3*c**3 - 3*c**2 + g. Calculate p(-3).
-4
Let v(k) = 2*k**2 + 1. Let b(w) = 3*w**2 + w. Let x(s) = 3*b(s) - 4*v(s). Give x(-3).
-4
Let r(z) = -2 + 0 - 8*z + 4 + z**2. Determine r(6).
-10
Suppose -4*l - 19 = -3*l. Let m = 16 + l. Let o(r) = -5*r - 2. Calculate o(m).
13
Let d(m) be the second derivative of m**5/20 + 5*m**2/2 - 7*m. Calculate d(0).
5
Let k(t) = 14*t**3 - t**2 - 2*t - 2. Let f be k(-1). Let x = -12 - f. Let o(q) = -3*q - 3. Calculate o(x).
-12
Let q(f) be the third derivative of -f**6/120 - 7*f**5/60 - 3*f**4/8 - f**3/6 + 2*f**2. Let p(x) = -x**3 - 3*x**2 - 2. Let g be p(-2). What is q(g)?
17
Let f(t) = t**2 + t + 1. Let s(p) = -p**2 - 1. Let q(g) = 3*f(g) + 4*s(g). What is q(6)?
-19
Let u(t) = -2*t - 8. Let y(a) = -a - 15. Let g be y(-9). Determine u(g).
4
Let w(s) = 7*s**2 + s + 6. Let r(q) = -q**2 - q + 1. Let i(n) = -19*n**2 - 7*n - 9. Let j(z) = i(z) - 4*r(z). Let c(l) = 6*j(l) + 13*w(l). What is c(6)?
6
Let o(q) = -q**2 - 3*q - 2. Suppose 3*y + 0*c - c + 10 = 0, -12 = 4*y - c. What is o(y)?
0
Let w(h) = -3*h + 2. Suppose 0*q = 4*q - 12. Calculate w(q).
-7
Let n = 7 + -5. Let x(l) = -3*l + l - 1 + l + l**n - 4*l. Calculate x(5).
-1
Let g(y) = 9 - 22 + 8 + 8 + 3*y. Suppose 4*w = -5*n - 31, 4*w - 3*n - n + 4 = 0. Give g(w).
-9
Let i be 1 + (2 - -1) + 0. Let l(c) be the third derivative of c**6/120 - c**5/20 - c**4/8 + c**3/3 + c**2. What is l(i)?
6
Let y(s) be the third derivative of -s**5/60 - s**4/6 + 5*s**3/6 - 9*s**2. What is y(-7)?
-16
Let u(h) = 6*h**3 - 6*h**2 + 6*h - 5. Let q(v) be the first derivative of -3*v**4/2 + 5*v**3/3 - 5*v**2/2 + 4*v + 6. Let d(j) = 5*q(j) + 4*u(j). Determine d(1).
-6
Suppose 0 = 2*p - 0 + 2. Let f(q) = -q**2 - q - 1. Calculate f(p).
-1
Let a(q) = -3*q + 26. Let g(h) = -h + 9. Let j(x) = -4*a(x) + 11*g(x). Suppose 4 = i + s, -i + 2*s + 4 = -0*s. Let c be i/(-18) + 12/54. What is j(c)?
-5
Let q(a) = -3*a + 2*a + 4 - a + 3*a. Determine q(-6).
-2
Let w(l) be the first derivative of -3*l**4 + 2*l**3/3 + l**2 + l + 10. Determine w(-1).
13
Suppose 29*a = 33*a - 8. Let k(b) = -6*b - 5. Let x(w) = 4*w + 3. Let i(l) = 5*k(l) + 8*x(l). Calculate i(a).
3
Let p(r) = 3*r - 4. Let n(y) = -y**2 - 11*y - 6. Suppose 0 = -4*z - u + 4*u - 43, 2*u = -2*z - 18. Let l be n(z). Determine p(l).
8
Let b = 3 - -4. Let h = -2 + b. Let y(d) = -d + 1. Let l(m) = -6*m + 12. Let j(o) = -l(o) + 5*y(o). Give j(h).
-2
Let t(s) = -11*s**2 + s**2 + 3*s**2 + 5*s**2. Let r(b) = -b - 1. Let k be r(-3). Give t(k).
-8
Let t(u) be the first derivative of u**5/60 + u**4/6 + u**3/6 + 3*u**2/2 + 3. Let p(k) be the second derivative of t(k). Give p(-5).
6
Let p(l) = -3*l - 1. Let g(k) = k**2 + 3*k - 10. Let x be g(4). Let d = 19 - x. Determine p(d).
-4
Suppose v + 2 + 2 = 0. Let m be (-1)/3 + v/(-3). Let k(f) = -1 - 1 - 4*f + 3. Determine k(m).
-3
Let p(m) = -2*m + 0*m - 2*m**2 + 1 + 2 - 3*m. Give p(-4).
-9
Let p(c) be the second derivative of -c**5/10 + c**4/12 - c**3/6 - c. Suppose 3*o + 20 = 5*m, m - 4*o - 10 = 11. Determine p(m).
-2
Let m(z) = z - 3. Let f(i) = -i**2 - 4*i - 3. Let y be f(-5). Calculate m(y).
-11
Let v(y) = -6*y + 1. Let q(b) = 12*b - 3. Let u(i) = -2*q(i) - 5*v(i). Suppose -1 - 1 = 2*w. Give u(w).
-5
Let s(l) = -4*l + 3. Suppose h = 6*h - 15. Give s(h).
-9
Let b(m) = m**2 + 10*m. Let a be b(-10). Suppose 4*p - 4 + 12 = a. Let i = p - -7. Let u(c) = -c + 7. What is u(i)?
2
Let m(i) = 4*i**2 - 3*i + 8. Let j(s) = -3*s**2 + 2*s**2 + 6 - 7. Let d(w) = -5*j(w) - m(w). Let f(q) = q**2 + 6*q - 3. Let y be f(-6). What is d(y)?
-3
Let c(d) = -d**3 - 4*d**2 - 3*d + 3. Let n(p) = p**2 - 4*p - 3. Let x be n(4). Calculate c(x).
3
Let y(f) = 4*f**2 - 3*f - 8. Let m(a) = 3*a**2 - 4*a - 7. Let i(n) = 5*m(n) - 4*y(n). Let p be (3 - 0)*(-7 - 13/(-3)). What is i(p)?
-3
Suppose 9*p - 4*p = 110. Suppose -m - 2*a - p = -5*m, -5*m + 2*a = -29. Let b(f) = -1 + 3*f + 5 - m. Determine b(2).
3
Let i(f) be the second derivative of f**3/2 + 3*f**2 - 26*f. Calculate i(-4).
-6
Let y(i) = -5 + 131*i**3 + 3*i**2 - 64*i**3 - i - 66*i**3. Calculate y(-4).
-17
Let u(y) = 2*y**2 + 2*y + 1. Suppose 0 = -7*a + 2*a + 40. Suppose 5*g = 5*n, n = -2*g + 2 - a. Give u(g).
5
Suppose -9 - 11 = -4*l. Let b = l + -3. Let q(s) = 2*s - 3. Give q(b).
1
Let q(a) = a**3 + 6*a**2 - 5. Let z(j) = j**2 + 4*j - 6. Let d be z(-4). Let v be q(d). Let l(s) = s. What is l(v)?
-5
Let q(j) be the third derivative of -j**5/60 + 5*j**4/24 + 2*j**3/3 - 2*j**2. Let l(r) = -37*r**3 + 1. Let i be l(-1). Suppose i = 5*h + 13. Calculate q(h).
4
Suppose 2*n + 7 = -y, 2*y + 3 = -2*n - 5. Let r(o) = 3*o**3 - 2*o**2 + 1. Calculate r(y).
-4
Let h(q) = q**2 - 6*q - 5. Let r be h(7). Suppose 6 = r*i - 3*i. Let x(z) = -z**2 - 4*z + 5. Calculate x(i).
-7
Let n(q) = -q**3 + 6*q**2 + q - 3. Let t be n(6). Let y = 3 - t. Let i(m) = -m**2 + m + 6. What is i(y)?
6
Suppose 0 = -3*f - 4*j + 15, -j - 2*j = 2*f - 11. Let x(h) = f - h + h - 3*h. Suppose -5*o - 11 = -1. Give x(o).
7
Let v(s) = -1. Let n(y) = y + 4. Let g(f) = -n(f) - v(f). What is g(5)?
-8
Suppose 0 = i + 4*q + 19, 4*i - 2*i + 5*q = -23. Let j(t) = 0*t + i - 4 + t. Let o = -13 + 13. What is j(o)?
-3
Let m(d) = 2*d + 7. Let c = 17 - -11. Suppose 4*k - 20 - c = 0. Let o be ((-4)/(-6))/(k/(-90)). Determine m(o).
-3
Let k = 7 - 4. Suppose 0*y = 2*s - y + k, 0 = -s - 2*y - 9. Let b(f) = f**2 + 3*f - 3. Determine b(s).
-3
Let r = 4 - 11. Let t(n) = n + 9. Calculate t(r).
2
Let q(a) = -9*a - 15. Let c(p) = -3*p - 1. Let n(u) = -1. Let d(t) = -c(t) - 4*n(t). Let k(v) = 17*d(v) + 6*q(v). Give k(-4).
7
Let q(b) = 3*b - 4. Let w(i) = 2*i - 2. Let o(z) = 3*q(z) - 5*w(z). Give o(3).
-5
Let i = 13 + -11. Let a(q) be the first derivative of -q**2/2 + 6. Determine a(i).
-2
Le